d derivative of -3/2*s**2 - 2*s + 1/12*s**r + 0 + 1/2*s**3. Give b(-4).
1
Let j(p) = -p**2 + p - 1. Suppose h = 1, -h + 20 - 7 = 3*q. Let c(n) = n**3 + 9*n**2 - 8*n + 10. Let d(y) = q*j(y) + c(y). Determine d(-6).
-6
Let b(k) = 225*k - k**2 - 113*k + 4 - 113*k. Calculate b(-7).
-38
Let a(l) = -l**2 - 5*l + 10. Let g = 65 + -68. Let c = -4 + g. Calculate a(c).
-4
Let i(p) be the second derivative of p**5/20 + p**4/2 + p**3/2 + 3*p**2/2 + 68*p. Let l = 10 - 15. Give i(l).
13
Let a(o) be the second derivative of o**4/12 - 5*o**3/6 + 3*o**2/2 - 120*o + 2. Calculate a(8).
27
Let m(s) = -13*s**3 + 17*s**2 + 19*s + 19. Let g(f) = -7*f**3 + 9*f**2 + 10*f + 10. Let p(b) = 11*g(b) - 6*m(b). Determine p(4).
-4
Let g = -206 - -206. Let c(d) = d**2 + d + 12. Determine c(g).
12
Let d(s) = 11*s**2 - 4*s - 2. Let v(h) = -6*h**2. Let u(l) = -d(l) - 2*v(l). Determine u(-2).
-2
Let t(j) be the third derivative of -11*j**6/120 + j**5/30 + j**4/12 + j**3/6 + j**2. Suppose 31*a = 5*q + 27*a + 13, 3*q + 3*a - 3 = 0. Give t(q).
12
Let a(o) = 13 - 4 - o + 5*o**3 - 4*o**3. Let n(g) = -g + 9. Let z be n(7). Let v be 4/(-8) - (-1)/z. Determine a(v).
9
Let s be 1/4*(4 - (-22 + 6)). Let j(y) = -y**2 - y + 4. Give j(s).
-26
Let z = 4 - 1. Suppose z*h + 1 + 2 = 0, h = d - 3. Let f(a) = 2*a - 7*a + 1 + 5*a**2 + d*a - a**3. Determine f(4).
5
Suppose -4*l = -11*l + 7. Let h be 10/(-15)*(l + 8). Let f(x) = 4*x + 12. Let t(z) = -4*z - 13. Let d(y) = 4*f(y) + 3*t(y). What is d(h)?
-15
Let l(f) = -2*f**2 + f + 1. Let s(k) = -k + 18. Let p be s(19). Calculate l(p).
-2
Let a(c) = -22*c - 32. Let s(r) = -15*r - 23. Let l(g) = -5*a(g) + 7*s(g). Calculate l(6).
29
Let r(i) = i**3 + 12*i**2 + 10*i - 8. Let p = 519 - 530. Give r(p).
3
Let k(j) be the second derivative of -1/6*j**3 + 3/2*j**2 + 0 - 2*j. Suppose 12*z + 2*z = -56. Determine k(z).
7
Let y(v) = -v**2. Let l(q) = 2*q**2 + 4*q - 1. Let h be l(-3). Suppose -s - 68 = h*d, 4*s = -s - 15. Let c(x) = -x - 13. Let g be c(d). Give y(g).
0
Let w(h) = -3*h + 8. Let a = 35 + -36. Let z(b) = -b + 2. Let q be z(a). Let s be q/(-1) + (27 - 17). Give w(s).
-13
Let h(t) = 2*t**2 + 3*t - 1. Let q(n) = 2*n**2 + 4*n. Let f(a) = 3*h(a) - 4*q(a). Let d be 2*(-7 - -6)*5/2. What is f(d)?
-18
Let j(h) = h. Suppose -4*c = f - 5, 4 = f - 1. Calculate j(c).
0
Let s(g) = -15*g + 1. Let m(x) be the first derivative of x**3/3 + 5*x**2 + 8*x + 25. Let c be m(-9). What is s(c)?
16
Let m = -11 - -3. Let o(h) = 0*h**2 - 5*h**2 - 2*h + 5 + 1. Let f(v) = v**2 - v. Let p(b) = -4*f(b) - o(b). What is p(m)?
10
Let n(f) = -9*f**2 - 2*f - 1. Let w(r) = 17*r**2 + 4*r + 2. Let q(z) = 5*n(z) + 3*w(z). Suppose -9 = -3*l + 4*m, 4*m + 2 = 2*l - 8. Calculate q(l).
5
Let i(x) = -x**2 - 5*x + 11. Let p be (-24)/(-10)*(-1)/(21/70). What is i(p)?
-13
Let l(m) = -m**3 + 4*m**2 + 2*m + 3. Suppose 11*p - 92 + 598 = 0. Let f = -42 - p. Determine l(f).
11
Let b(s) = 4*s**2 + 2*s + 2. Suppose 0 = -c - 3*c. Suppose c = j + 26 - 24. Determine b(j).
14
Let b(q) be the first derivative of q**3 - 5*q**2/2 - 8. Let x(g) = g**2 - g. Let h(c) = -2*b(c) + 9*x(c). Give h(1).
4
Let l be (2/2)/(1/2). Suppose 5*n + 20 = -s, -3*n = -l*s - 2*s + 35. Let a(m) be the first derivative of m**2 - m + 13. Determine a(s).
9
Suppose -7*h = -2*h. Suppose h = 7*x + 4 + 17. Let r(v) = 3*v + 4. What is r(x)?
-5
Let m(n) = -11*n**2 + 1. Let j = 26 + -23. Suppose -1 = -2*v - j. Determine m(v).
-10
Let n(s) = 2*s**3 + 6*s**2 - 98*s - s**3 + 40*s + 47*s + 5*s**2 + 14. Determine n(-12).
2
Let z = -2 + 4. Let h(x) = -4*x**z + 6*x + 8*x + 5 - x**3 - 6*x. Suppose -29*m - 31*m - 155 = -29*m. Determine h(m).
-10
Suppose 0 = -4*d - 28 - 80. Let c = 28 + d. Let h(a) = c - 4 + a - 2 + 1. Calculate h(5).
1
Let p(a) = 6*a**2 - a - 1. Let d(u) = -u**3 - 8*u**2 - 10*u - 22. Let w = -69 - -62. Let c be d(w). Determine p(c).
6
Let r be (3 + -3 + 0)/(-1). Suppose 11 = -5*x - 2*v - 20, -4*v + 8 = r. Let d = x - -8. Let p(a) = -11*a**3 - 2*a**2 + 2*a - 1. Calculate p(d).
-12
Let r(l) = l**3 + 5*l**2 + 3*l - 2. Let z(k) = 2*k - 2. Let m be z(-6). Let g be (2 - 1) + 3/((-15)/(-40)). Let u = m + g. Give r(u).
-17
Let x(z) = z**2 + z + 3. Let u(s) = -s**3 - 8*s**2 - 7*s + 1. Let j be u(-7). Let k be 0/(-3 - -9)*(-1)/j. Determine x(k).
3
Let j(z) = 9*z**2 - 27*z - 8. Let b(a) = 5*a**2 - 15*a - 4. Let x(w) = -11*b(w) + 6*j(w). Calculate x(7).
-32
Let r(a) be the second derivative of -a**3/6 - 5*a**2 + 47*a. Give r(-9).
-1
Let v(q) = -q - 1. Let n(u) = 8*u + 5. Let g(w) = -3*n(w) - 12*v(w). What is g(-3)?
33
Let h(j) = 142*j**2 - 423*j**2 + 134*j**2 + 6 + 145*j**2 - 8*j. What is h(-6)?
-18
Let n(x) be the third derivative of -x**6/120 + x**5/10 - x**4/8 - 5*x**3/6 + 41*x**2. Give n(5).
5
Let a(i) = -3*i + 5. Let l(h) = 7*h - 9. Let q(v) = 9*a(v) + 4*l(v). Give q(-8).
1
Let h(o) = 7*o**3 + 3*o + 2. Let y(b) = -3*b**3 - b - 1. Suppose -2*s = 2*s + 8. Let u be (1 - 0)/(s/10). Let d(x) = u*y(x) - 2*h(x). Determine d(1).
1
Let u(t) = 7*t**3 - 5*t**2 - 8*t + 7. Let l(y) = -10*y + 1 + 13*y - y**2 - y**3 - 4*y. Let z(x) = 6*l(x) - u(x). Determine z(1).
-13
Let f(y) = y**2 + 3*y - 1. Let g(u) = 5*u - u - u + 14 - 2*u. Let s be g(-8). Let n(a) = -a + 4. Let c be n(s). Determine f(c).
-3
Let n(t) = t**3 - 8*t**2 + 8*t - 7. Suppose 13*u - 6*u = 98. Suppose 14 = -12*o + u*o. Calculate n(o).
0
Suppose -2*z = 3*z - 4*j - 108, -4*j = 3*z - 84. Let c = 22 - z. Let r(v) be the third derivative of v**4/24 + v**3/6 - v**2. Calculate r(c).
-1
Suppose 0 = 5*p + 17 + 18. Let k(v) = -v**3 - v - 1. Let b(s) = 3*s**3 + 7*s**2 + 3*s + 12. Let a(y) = b(y) + 2*k(y). What is a(p)?
3
Let y(h) = h**3 - 2*h**2 + 2*h - 1. Let j(f) = -f**2 + 4*f + 6. Let l be j(6). Let i be 22/6 + -2 - l/(-9). Give y(i).
0
Let o = -6 - -13. Let z(j) be the first derivative of -j**3/3 + 4*j**2 - 3*j - 5. Let a be z(o). Let y(l) = -2*l. Calculate y(a).
-8
Suppose 4*o - 4*t - 76 = 0, -16 = 5*o + 2*t - 83. Suppose -5*v = 3*d - 34, -v + o = -4*d - 1. Let c(w) = w**3 - 8*w**2 - 2*w + 3. Calculate c(v).
-13
Let y(l) = 40 - l**2 + 47 - l - 85 - 5*l**3 + 8*l**3. Calculate y(-2).
-24
Let l(h) = h**2 - 19*h - 122. Let a be l(-5). Let m(n) = n**3 + n**2 - n - 4. Determine m(a).
-6
Let j(b) = 4*b**2 - 2*b + 1. Let a = 10 - 1. Suppose -11 + a = -2*m. Give j(m).
3
Let m(p) = 5*p - 18. Let c(l) = l**3 - 45*l**2 + 42*l + 94. Let x be c(44). Calculate m(x).
12
Let g(a) = 4*a**2 - 2. Let i(n) = -5*n**2 - 2*n + 3. Let c(j) = -4*g(j) - 3*i(j). Give c(6).
-1
Let w(r) = 16*r + 38. Let o be w(-2). Let m(b) = b**2 - 5*b + 2. What is m(o)?
8
Let p(f) be the first derivative of 1/2*f**2 + 36 - 4*f. Calculate p(8).
4
Let i(u) = -20*u - 476. Let c be i(-24). Let o(y) = y**3 - 2*y**2 - 8*y + 10. Determine o(c).
10
Let y(b) = -2*b**3 - 4*b**2 + 5*b + 5. Let s(r) = r**3 - r**2 + r. Let z(m) = s(m) + y(m). Let j = 1978 - 1984. Calculate z(j).
5
Suppose -10 = -5*i, 5*t - 5*i = -6*i + 17. Let r(p) = 11*p**2 - 3*p + 1 + 4*p + 4*p - t*p. Give r(-1).
10
Suppose x + 20 = -3*x. Let k(o) = 3*o**3 - 3*o**3 - 4*o**2 - 6*o**3 + 5*o**3 - 1. Determine k(x).
24
Let g(b) = -b**2 + 24*b + 83. Let t be g(27). Let q(c) = -c**3 + 2*c**2 + 2*c - 3. Determine q(t).
1
Suppose -z + 0 - 3 = 0. Let o = -1 - z. Let g(t) = -7*t**o - 39 - t**3 + 18 + 2*t**3 + 22 + 7*t. Determine g(6).
7
Let k(i) = 2*i**2 + 35*i + 52. Let y be k(-16). Suppose 0*j - 36 = -2*j. Suppose y*z = z - j. Let g(f) = f**3 + 6*f**2 - 2*f - 5. Determine g(z).
7
Let a(b) be the third derivative of b**7/315 - b**5/120 + b**4/6 + 6*b**2. Let w(y) be the second derivative of a(y). Determine w(-1).
7
Let d(t) = -2*t**2 + t + 2. Let h = 39 + -44. Let p be (2 - h)*(-4)/(-14). Calculate d(p).
-4
Let c(g) be the third derivative of g**4/12 - g**3 + 140*g**2. Calculate c(9).
12
Suppose 0 = -2*v - 7*v + 9. Let y be (-3)/(-2) - (6/(-12))/v. Let o(c) = c**2 - 3*c + 1. What is o(y)?
-1
Let n be (-220)/18 - 122/(-549). Let g(w) = -w - 1. Determine g(n).
11
Suppose 3*i - 4*c = 1, 0 = 2*i - 5*c + 1 - 4. Let q(k) = -10*k**3 - 1. Calculate q(i).
9
Let j(p) = 2*p**2 + 5*p + 4. Let t be j(-2). Let b(l) = t*l**2 - 7*l**2 + 3*l**2 + l. Determine b(-2).
-10
Let y(v) = -2*v**3 - 10*v**2 + 3*v + 17. Let h be y(-5). Let t(w) = 5*w - 3 + 19*w**h - 18*w**2 + 0*w + 4. Suppose -s = 3*s + 8. Give t(s).
-5
